 of 1186339982?
9
What is the tens digit of 1261426639?
3
What is the hundred thousands digit of 93097145?
0
What is the ten thousands digit of 1371147211?
4
What is the hundred millions digit of 168815570?
1
What is the tens digit of 77440133?
3
What is the tens digit of 239090258?
5
What is the thousands digit of 50225375?
5
What is the thousands digit of 201546454?
6
What is the units digit of 6878395?
5
What is the hundreds digit of 33630838?
8
What is the ten millions digit of 17942200?
1
What is the thousands digit of 282873570?
3
What is the thousands digit of 66583548?
3
What is the millions digit of 1106241301?
6
What is the tens digit of 179770146?
4
What is the hundreds digit of 3376019534?
5
What is the hundred thousands digit of 215757227?
7
What is the hundred millions digit of 4706481895?
7
What is the units digit of 65926477?
7
What is the hundred thousands digit of 45237029?
2
What is the billions digit of 2111673931?
2
What is the hundreds digit of 11543810?
8
What is the hundred thousands digit of 5932560?
9
What is the ten thousands digit of 510504464?
0
What is the millions digit of 55300418?
5
What is the thousands digit of 264535414?
5
What is the hundred thousands digit of 71944308?
9
What is the ten millions digit of 46859835?
4
What is the ten thousands digit of 28861413?
6
What is the hundred millions digit of 1356216876?
3
What is the hundred millions digit of 468038813?
4
What is the ten thousands digit of 274119417?
1
What is the hundreds digit of 3779949792?
7
What is the millions digit of 24640921?
4
What is the hundred thousands digit of 45728380?
7
What is the ten millions digit of 4913581145?
1
What is the hundreds digit of 589032190?
1
What is the hundreds digit of 669378997?
9
What is the hundreds digit of 21322228?
2
What is the hundreds digit of 17135744?
7
What is the hundred thousands digit of 284513247?
5
What is the hundred thousands digit of 5376350474?
3
What is the units digit of 166398381?
1
What is the thousands digit of 216723064?
3
What is the hundreds digit of 37958640?
6
What is the thousands digit of 4085541?
5
What is the ten thousands digit of 310371501?
7
What is the millions digit of 603516450?
3
What is the tens digit of 38391866?
6
What is the ten thousands digit of 1742425573?
2
What is the ten thousands digit of 42040025?
4
What is the millions digit of 46628211?
6
What is the hundred millions digit of 291333425?
2
What is the millions digit of 40890925?
0
What is the millions digit of 1123509433?
3
What is the ten thousands digit of 888085545?
8
What is the millions digit of 174606513?
4
What is the millions digit of 127316916?
7
What is the units digit of 1449231205?
5
What is the thousands digit of 3873848203?
8
What is the hundreds digit of 300774772?
7
What is the hundreds digit of 540355098?
0
What is the millions digit of 1726483324?
6
What is the hundred millions digit of 5007718240?
0
What is the billions digit of 1906427628?
1
What is the hundred thousands digit of 162273372?
2
What is the millions digit of 108739123?
8
What is the hundred thousands digit of 28972245?
9
What is the hundred thousands digit of 1343427?
3
What is the billions digit of 2643544288?
2
What is the millions digit of 2557344928?
7
What is the thousands digit of 4586591819?
1
What is the hundreds digit of 550089178?
1
What is the thousands digit of 1911580994?
0
What is the ten thousands digit of 693444958?
4
What is the tens digit of 1069999925?
2
What is the ten thousands digit of 833533433?
3
What is the hundred thousands digit of 322088615?
0
What is the ten thousands digit of 229408907?
0
What is the ten millions digit of 285613190?
8
What is the units digit of 407430648?
8
What is the hundred millions digit of 603408026?
6
What is the millions digit of 87234382?
7
What is the tens digit of 212355309?
0
What is the hundreds digit of 85121810?
8
What is the hundred thousands digit of 2423938779?
9
What is the millions digit of 4847430034?
7
What is the hundred millions digit of 1698648550?
6
What is the tens digit of 1850392032?
3
What is the millions digit of 476636535?
6
What is the hundreds digit of 171060776?
7
What is the thousands digit of 200867297?
7
What is the hundred millions digit of 894995764?
8
What is the ten thousands digit of 956951149?
5
What is the units digit of 43120202?
2
What is the millions digit of 149673322?
9
What is the thousands digit of 2184967670?
7
What is the units digit of 81551904?
4
What is the billions digit of 1749217838?
1
What is the ten millions digit of 555713590?
5
What is the ten thousands digit of 2043648348?
4
What is the thousands digit of 1153656331?
6
What is the ten millions digit of 1301936594?
0
What is the ten thousands digit of 6464406?
6
What is the billions digit of 4595953201?
4
What is the thousands digit of 689231390?
1
What is the thousands digit of 6537469474?
9
What is the millions digit of 206759110?
6
What is the hundred millions digit of 247053961?
2
What is the thousands digit of 551173501?
3
What is the tens digit of 7065880?
8
What is the millions digit of 9268627?
9
What is the billions digit of 2499560527?
2
What is the thousands digit of 301742115?
2
What is the units digit of 3693532183?
3
What is the tens digit of 149949833?
3
What is the hundred thousands digit of 3292334367?
3
What is the tens digit of 99113246?
4
What is the tens digit of 832280282?
8
What is the thousands digit of 211737144?
7
What is the ten thousands digit of 4077619?
7
What is the ten thousands digit of 38688898?
8
What is the ten millions digit of 213495850?
1
What is the ten thousands digit of 7601842277?
4
What is the millions digit of 1126213696?
6
What is the ten thousands digit of 3889267666?
6
What is the ten millions digit of 229614697?
2
What is the ten millions digit of 218125797?
1
What is the hundred thousands digit of 76065385?
0
What is the hundred millions digit of 3777439616?
7
What is the millions digit of 9786927?
9
What is the hundred thousands digit of 7599251?
5
What is the ten thousands digit of 583874155?
7
What is the hundred thousands digit of 95283516?
2
What is the ten thousands digit of 72727886?
2
What is the ten millions digit of 54578922?
5
What is the millions digit of 4369075?
4
What is the millions digit of 216755122?
6
What is the millions digit of 926988576?
6
What is the thousands digit of 479294544?
4
What is the millions digit of 32774095?
2
What is the hundred millions digit of 1626081413?
6
What is the ten thousands digit of 1087686387?
8
What is the hundreds digit of 1483374764?
7
What is the hundreds digit of 70848044?
0
What is the hundred millions digit of 714432956?
7
What is the ten thousands digit of 1429764047?
6
What is the units digit of 171161490?
0
What is the hundreds digit of 9670690?
6
What is the millions digit of 2970159678?
0
What is the ten thousands digit of 5752689?
5
What is the tens digit of 39178599?
9
What is the tens digit of 2910133966?
6
What is the billions digit of 4783283262?
4
What is the hundreds digit of 306245318?
3
What is the tens digit of 50671151?
5
What is the millions digit of 74058109?
4
What is the units digit of 591126875?
5
What is the hundreds digit of 886245540?
5
What is the ten thousands digit of 1899736?
9
What is the tens digit of 1329230560?
6
What is the ten thousands digit of 9835238?
3
What is the hundred thousands digit of 5096868?
0
What is the hundreds digit of 28773917?
9
What is the millions digit of 29991147?
9
What is the thousands digit of 2782489949?
9
What is the hundreds digit of 2975662306?
3
What is the ten thousands digit of 1003290257?
9
What is the thousands digit of 5601002374?
2
What is the ten thousands digit of 1015068?
1
What is the millions digit of 105145101?
5
What is the hundreds digit of 444580692?
6
What is the ten thousands digit of 16017595?
1
What is the units digit of 1479123430?
0
What is the hundred millions digit of 102846540?
1
What is the thousands digit of 922460721?
0
What is the ten millions digit of 529277242?
2
What is the millions digit of 652062886?
2
What is the hundred millions digit of 1058271625?
0
What is the billions digit of 1631471584?
1
What is the hundreds digit of 25424605?
6
What is the tens digit 